768 + -3?
-3163771
In base 16, what is -27 + 9bd7?
9bb0
In base 8, what is -2502 + 6434?
3732
In base 16, what is -3f - 112968?
-1129a7
In base 2, what is -100000011010000001 + 111?
-100000011001111010
In base 8, what is -7314 - -1760?
-5334
In base 9, what is -3 + 3010778?
3010775
In base 5, what is -3203221 + 413?
-3202303
In base 16, what is 39ee64 + -85?
39eddf
In base 3, what is 110121211 + 2012002?
112210220
In base 12, what is 174 + 28966?
28b1a
In base 7, what is 12512 - -315246?
331061
In base 15, what is 2ed60 - 87?
2ecc8
In base 10, what is -5755 - -14653?
8898
In base 10, what is 4386 + 636?
5022
In base 7, what is -33602205 - 10?
-33602215
In base 5, what is 13000 + -24140112?
-24122112
In base 7, what is -1355 + 65155?
63500
In base 15, what is -d34 - 18cd?
-2712
In base 10, what is 456698853 + 5?
456698858
In base 10, what is -12807900 + -3?
-12807903
In base 12, what is 442215a + -4?
4422156
In base 12, what is -1a7 + -a555?
-a740
In base 8, what is 420214 + -55?
420137
In base 11, what is 123a5584 + 1?
123a5585
In base 10, what is 4 - 2961330?
-2961326
In base 12, what is 2a2a + 19494?
20302
In base 3, what is 20022222020 - 2001122?
20020220121
In base 9, what is -1 + -16534258?
-16534260
In base 11, what is -568 + -21079?
-21636
In base 3, what is 10120022120001 + 11212?
10120022201220
In base 11, what is 471 + -56270?
-558aa
In base 12, what is -2688456 + 5?
-2688451
In base 9, what is -81 + -804674?
-804765
In base 4, what is 10010221 + -1220302?
2123313
In base 5, what is -2 - 2200111224?
-2200111231
In base 4, what is 11103 + -330231212?
-330220103
In base 6, what is 3 + 14024331302?
14024331305
In base 4, what is -201210 - 232302?
-1100112
In base 4, what is 1 - -313023132300?
313023132301
In base 13, what is -25c7 - -174a?
-b7a
In base 4, what is 3122302013103 - -2?
3122302013111
In base 10, what is -11175 + -30685?
-41860
In base 14, what is a65034 - 1d?
a65015
In base 6, what is 11432135 + 1013?
11433152
In base 7, what is 331 + -30030?
-26366
In base 4, what is 1021322 - -10310111?
11332033
In base 15, what is 2755 + 281c?
5072
In base 10, what is -54 - -2345845?
2345791
In base 4, what is 11 + 111122103313?
111122103330
In base 6, what is 22 + 31553432?
31553454
In base 15, what is -7b8c572 - 1?
-7b8c573
In base 4, what is -13010 - 11323301031?
-11323320101
In base 7, what is 111 - -30633350?
30633461
In base 16, what is 1d9 - 13d2b6?
-13d0dd
In base 15, what is 7332 + -9b?
7286
In base 5, what is 3330 - 203443?
-200113
In base 9, what is -2668 + 114051?
111272
In base 6, what is -4 - -331511530?
331511522
In base 3, what is 201022121 + 2201101021?
10102200212
In base 3, what is 2102210220 + 11010220?
2120221210
In base 2, what is 1100100101110011111 + -11010?
1100100101110000101
In base 11, what is -4 + 16a191a?
16a1916
In base 15, what is 70b8 + -7ab?
680c
In base 14, what is -bc + -a975c?
-a983a
In base 12, what is -2b + -5721b2?
-572221
In base 10, what is 103573 + 447?
104020
In base 10, what is 613 - 137607?
-136994
In base 14, what is 4 + 14d934d2?
14d934d6
In base 4, what is 13200023 - 1000202?
12133221
In base 8, what is -3 - -2475062?
2475057
In base 13, what is 5a69 - -502a?
aa96
In base 9, what is -10256027 - 163?
-10256201
In base 10, what is 7 - -4430479?
4430486
In base 9, what is 177564 + 5233?
183807
In base 6, what is 4013510410 - -4?
4013510414
In base 3, what is -10110211221112 + -12?
-10110211221201
In base 7, what is -145406 - 4526?
-153235
In base 3, what is 10012100202 + 2110220?
10021211122
In base 12, what is -10 - -20476064?
20476054
In base 13, what is -318 - -81523?
81208
In base 7, what is 34 + 14014003?
14014040
In base 6, what is 44 + -1143032525?
-1143032441
In base 14, what is d5 + 44012?
44107
In base 10, what is -936578 + 33?
-936545
In base 11, what is 8115 + 7721?
14836
In base 16, what is -1c74ad + -17?
-1c74c4
In base 4, what is -1230330211 - 132?
-1230331003
In base 4, what is -10 - -1013123020?
1013123010
In base 5, what is 122403 - -20301?
143204
In base 10, what is -248945 - 31?
-248976
In base 5, what is 2230242033 - -1113?
2230243201
In base 2, what is -111000011011100000101101 + 0?
-111000011011100000101101
In base 3, what is -12 - -12022211012122?
12022211012110
In base 14, what is 3a8c2ad - 0?
3a8c2ad
In base 9, what is 8504611 + -5?
8504605
In base 6, what is -2223044 + -3501?
-2230545
In base 7, what is -24245 + -14661?
-42236
In base 15, what is 2802e - 159?
27dc5
In base 13, what is -1a4c0 + 1060?
-19460
In base 11, what is 20836399 + 6?
208363a4
In base 15, what is d9b1 + 85?
da46
In base 2, what is 11 - -1001101010100110011100?
1001101010100110011111
In base 4, what is 2232102100 + -2?
2232102032
In base 9, what is 3 - 37280862?
-37280858
In base 3, what is -220012021022 + -122?
-220012021221
In base 10, what is 5126 - -2121?
7247
In base 14, what is -444915 - 9?
-444920
In base 14, what is 73dd + 33d9?
a7d8
In base 5, what is -11310210134 + 3?
-11310210131
In base 11, what is -36a6 + 58?
-3649
In base 2, what is 100110111100 - -10100100001100101?
10101001000100001
In base 2, what is 100011 - -111000101010001111?
111000101010110010
In base 16, what is -4 - -5dc1419?
5dc1415
In base 8, what is -311 + -160611?
-161122
In base 11, what is 1 + 1058643?
1058644
In base 5, what is 1402444 - -414223?
2322222
In base 3, what is -2001022010201 - -100?
-2001022010101
In base 3, what is 2221212111212 + -12020?
2221212022122
In base 3, what is 2112 + 2002221222?
2010001111
In base 13, what is -22762a0 + 6?
-2276297
In base 3, what is 200 - 212200221220?
-212200221020
In base 7, what is 144531 - 5100?
136431
In base 14, what is -38 + -2048?
-2082
In base 7, what is -66530355 + 44?
-66530311
In base 3, what is 10102 + -22111212201?
-22111202022
In base 7, what is -203 - 1431464?
-1432000
In base 13, what is -3b1ab - -600?
-3a8ab
In base 6, what is -551252110 + -14?
-551252124
In base 15, what is -c65 + 75cb?
6866
In base 8, what is 2415 - 4727?
-2312
In base 10, what is -534903 - -62?
-534841
In base 13, what is -2424 - 178b?
-3bb2
In base 10, what is -169617826 - -5?
-169617821
In base 9, what is 2 + -13068262?
-13068260
In base 10, what is -2 - 257138?
-257140
In base 14, what is 216c2 + b9?
2179b
In base 7, what is -136 + -232020?
-232156
In base 9, what is -4545537 - -23?
-4545514
In base 10, what is -69421 + 34?
-69387
In base 7, what is 4441353 - 1620?
4436433
In base 7, what is -66 + 2415532?
2415433
In base 7, what is 50364 + -106600?
-26203
In base 10, what is -94 + -7072?
-7166
In base 5, what is 10222120003 + -3?
10222120000
In base 11, what is 5011 - 144?
4978
In base 16, what is -71d + -97d5?
-9ef2
In base 3, what is 222020001000 - 2012?
222012221211
In base 14, what is 14 - 8b13a3?
-8b138d
In base 9, what is 141 - 550356?
-550215
In base 2, what is 1110010001100011110 - 101101?
1110010001011110001
In base 5, what is -2424231222432 + 3?
-2424231222424
In base 8, what is -551325 - 417?
-551744
In base 3, what is 22120221200 + -22100?
22120122100
In base 11, what is 17 - 368689?
-368672
In base 10, what is -19 - 16453825?
-16453844
In base 15, what is 33d207e + 11?
33d2090
In base 3, what is -210 + -101111210121102?
-101111210122012
In base 2, what is -1100010100100010 + 11011011010?
-1011111001001000
In base 7, what is -61440 + 5304?
-53133
In base 6, what is -1002414224 - -33?
-1002414151
In base 4, what is -10310133211110 + 2?
-10310133211102
In base 14, what is 29abd + -1?
29abc
In base 6, what is -242545 - -41?
-242504
In base 7, what is 414031141 - 5?
414031133
In base 11, what is 171193 - 3a?
171154
In base 16, what is 469 + 192d0?
19739
In base 2, what is 10100 + -101101011000101010011?
-101101011000100111111
In base 16, what is 5bf888 - b?
5bf87d
In base 16, what is 28e49cb + -8?
28e49c3
In base 13, what is 18538 - -23aa?
1a915
In base 6, what is -225124214 - -20?
-225124154
In base 9, what is -5 + 677805123?
677805117
In base 7, what is -11 - -1253523?
1253512
In base 13, what is -6b - -20a4b?
209b0
In base 11, what is -12688485 + 5?
-12688480
In base 11, what is a167 + -74537?
-65380
In base 5, what is 10020202401 - -3?
10020202404
In base 15, what is 58d2659 + -2?
58d2657
In base 2, what is -11010110010101010 + -1000110001?
-11010111011011011
In ba